2
Calculate the highest common divisor of 91331604 and 54.
54
Calculate the highest common divisor of 731556 and 75033.
63
Calculate the greatest common divisor of 96184 and 218152.
88
What is the highest common divisor of 33376 and 686098?
14
Calculate the greatest common divisor of 2162 and 1417582.
46
Calculate the greatest common divisor of 36680685 and 15.
15
Calculate the highest common divisor of 73619 and 1452155.
809
Calculate the highest common divisor of 604185507 and 232.
29
What is the highest common divisor of 40220 and 51067334?
4022
What is the highest common divisor of 2 and 13747376?
2
What is the greatest common divisor of 16833 and 30410349?
93
Calculate the highest common divisor of 1995 and 21497721.
399
Calculate the highest common factor of 245 and 19817119.
49
What is the highest common factor of 4508 and 10461941?
1127
What is the greatest common divisor of 5060 and 1112320?
220
What is the highest common divisor of 85 and 104018515?
5
What is the highest common divisor of 1419 and 1986171?
33
Calculate the greatest common divisor of 8300880 and 1872.
144
What is the greatest common divisor of 1794 and 42303762?
138
What is the greatest common factor of 151915 and 67965?
115
Calculate the greatest common factor of 1456 and 1466504.
104
What is the greatest common divisor of 89404 and 487816?
868
What is the greatest common factor of 417952 and 103304?
296
Calculate the highest common divisor of 1924 and 4218370.
962
What is the highest common factor of 616406778 and 722?
722
Calculate the greatest common factor of 113007 and 32387.
139
What is the greatest common factor of 7623 and 193721?
121
Calculate the highest common divisor of 17574820 and 22711.
1747
What is the greatest common divisor of 18461278 and 2332?
1166
What is the highest common factor of 1300 and 1062656400?
1300
What is the highest common divisor of 1223255 and 148005?
1265
Calculate the highest common divisor of 64260 and 600181260.
7140
What is the greatest common divisor of 2730 and 11840556?
546
What is the highest common divisor of 6708 and 126999210?
3354
What is the greatest common factor of 620 and 920801680?
620
Calculate the greatest common factor of 48972 and 6097476.
924
What is the highest common divisor of 76364544 and 170?
34
Calculate the greatest common factor of 9273622 and 165144.
1966
Calculate the greatest common divisor of 56966 and 1091454.
182
Calculate the highest common divisor of 382333 and 7641.
283
Calculate the greatest common divisor of 75 and 39045525.
75
Calculate the greatest common factor of 1497968 and 761666.
746
What is the greatest common divisor of 96 and 77643816?
24
What is the highest common factor of 14375620 and 735?
245
Calculate the highest common divisor of 2673580 and 1701700.
1820
Calculate the greatest common factor of 243867 and 1634919.
1443
What is the greatest common divisor of 155 and 1586727095?
155
Calculate the highest common divisor of 74434340 and 80.
20
Calculate the highest common divisor of 39 and 1634594325.
39
What is the greatest common divisor of 361 and 1204429?
19
What is the highest common divisor of 9143579 and 1076?
269
Calculate the highest common factor of 648750 and 1991250.
3750
What is the greatest common divisor of 577006 and 6851246?
5602
Calculate the highest common divisor of 108221 and 558.
31
Calculate the greatest common divisor of 148287584 and 192.
32
Calculate the highest common factor of 176 and 535451752.
88
Calculate the highest common factor of 34875060 and 1060.
1060
What is the greatest common divisor of 4074 and 9473796?
582
What is the greatest common factor of 1674738 and 17238?
1326
What is the highest common divisor of 18796000 and 9525?
3175
Calculate the greatest common divisor of 81968242 and 20142.
746
What is the greatest common divisor of 14158155 and 27401?
583
Calculate the highest common factor of 1912880250 and 10243.
10243
Calculate the greatest common divisor of 5316 and 124.
4
What is the greatest common factor of 191554 and 140976?
22
What is the greatest common factor of 161 and 385098?
7
Calculate the highest common factor of 1 and 32610883.
1
Calculate the highest common divisor of 1842 and 55726026.
1842
What is the greatest common divisor of 4166 and 18457463?
2083
Calculate the greatest common divisor of 509358 and 15594.
138
Calculate the greatest common factor of 1416784 and 28032.
1168
Calculate the highest common factor of 2706349 and 279497.
6817
Calculate the highest common divisor of 2529044 and 56.
28
Calculate the highest common divisor of 35271722 and 194.
194
What is the greatest common factor of 2998 and 70286611?
1499
What is the greatest common factor of 51810248 and 140?
28
Calculate the greatest common factor of 4442 and 9816.
2
Calculate the highest common divisor of 24960 and 31128.
24
What is the highest common factor of 30952655 and 4907?
701
Calculate the highest common factor of 1725 and 133975.
575
What is the greatest common divisor of 289 and 88666934?
289
What is the greatest common factor of 18334708 and 42476?
1148
What is the highest common divisor of 682151407 and 5943?
1981
What is the highest common divisor of 419523 and 22971?
1209
Calculate the greatest common divisor of 18359925 and 3225.
3225
Calculate the greatest common divisor of 40434 and 3869358.
1758
What is the greatest common divisor of 35117914 and 202722?
2938
What is the greatest common divisor of 22443243 and 1137?
1137
What is the highest common factor of 32 and 4212272?
16
What is the greatest common factor of 80 and 6089040?
80
What is the greatest common factor of 28 and 958239660?
28
Calculate the highest common divisor of 53044346 and 1112.
278
What is the highest common factor of 649071 and 2583?
369
Calculate the highest common factor of 1991130 and 870.
30
Calculate the highest common divisor of 89576106 and 36.
6
Calculate the highest common factor of 75198 and 402.
6
Calculate the greatest common divisor of 26397 and 96138.
63
Calculate the highest common factor of 1615 and 4209013.
323
Calculate the greatest common divisor of 9 and 2252117.
1
What is the highest common factor of 406850 and 383057?
103
What is the greatest common divisor of 150 and 817747750?
50
What is the highest common factor of 44581632 and 768?
768
Calculate the greatest common factor of 803 and 7965914.
11
Calculate the greatest common factor of 22729934 and 46.
46
What is the highest common factor of 631002729 and 511?
511
Calculate the greatest common divisor of 6486 and 443946.
138
Calculate the greatest common divisor of 101 and 536512.
101
What is the greatest common divisor of 1188 and 1367484?
12
Calculate the greatest common factor of 1620 and 1857672.
36
Calculate the greatest common divisor of 309345 and 2460.
615
What is the greatest common divisor of 95 and 1594145?
5
Calculate the highest common factor of 30414432 and 8.
8
Calculate the greatest common factor of 39 and 17555226.
39
What is the highest common divisor of 476288 and 1920?
128
What is the greatest common divisor of 4 and 46956016?
4
Calculate the highest common divisor of 1336698 and 246961.
1727
Calculate the highest common factor of 11711 and 389599.
49
Calculate the greatest common factor of 129329688 and 56172.
1812
What is the highest common factor of 5524 and 59004606?
2762
What is the greatest common factor of 792 and 895296?
24
Calculate the highest common factor of 303 and 145787339.
101
Calculate the highest common divisor of 27 and 38342457.
27
What is the greatest common factor of 4583582 and 202?
202
What is the highest common factor of 380 and 790654790?
190
Calculate the highest common divisor of 12452072 and 40.
8
Calculate the highest common divisor of 25724 and 2931664.
436
What is the greatest common factor of 176883 and 70833?
21
What is the greatest common factor of 562 and 5798154?
562
What is the greatest common divisor of 27231 and 6873?
87
What is the greatest common factor of 7618131 and 4616?
577
What is the highest common factor of 3999180 and 2880?
60
Calculate the highest common factor of 5074 and 8477474.
118
Calculate the greatest common divisor of 3493295 and 3345.
1115
Calculate the greatest common factor of 227968684 and 708.
236
Calcula